 + 4*q - q - 114, -2*t + 208 = 2*q. Calculate the greatest common divisor of t and 9.
9
Let n = -23 - -27. Suppose 0 = n*v - 17 - 27. What is the greatest common divisor of v and 1?
1
Let f be -1 - (72/(-3))/4. Suppose f*t + 4*o - 210 = 0, -4*t = -5*o - 162 - 47. Calculate the greatest common divisor of t and 23.
23
Let z be -4 - 18/(-9) - 4*-3. Let g = -11 + 5. Let c be g/(2*2/(-20)). Calculate the greatest common divisor of z and c.
10
Suppose 4*z + 2*y = 3*z + 2, y = -5*z + 1. Suppose 4*c + 2*f = -f + 29, 4*f - 12 = z. Let b = -23 + 48. Calculate the highest common divisor of c and b.
5
Suppose 2*i = -3*h - 28 + 101, 4*h + 31 = i. Let q be i/(-2)*4/(-5). Let m(w) = -w - 2. Let r be m(-16). Calculate the highest common factor of q and r.
14
Let j = 4 + 0. Suppose 0*u + u = -j*q + 19, -4*u - 4*q + 124 = 0. Let f be (5/((-25)/28))/((-22)/55). What is the greatest common factor of u and f?
7
Suppose 2*r + 2 - 10 = 0, -r = -4*j + 52. What is the highest common factor of 112 and j?
14
Suppose -5*d + 11 = -9. Calculate the highest common divisor of 4 and d.
4
Let i = 38 - 14. Calculate the greatest common factor of i and 24.
24
Suppose 0 = -3*m - 2*m - s - 362, 0 = 3*m - 5*s + 206. Let p = 135 + m. Calculate the greatest common factor of p and 9.
9
Let o be (-6 + 9)/((-3)/(-88)). What is the greatest common divisor of o and 220?
44
Let p(t) be the second derivative of 2*t**3/3 + 3*t**2 + 4*t. Let i be p(5). Suppose 5*o - 112 = 83. Calculate the highest common factor of i and o.
13
Let u(m) = -2*m**2 - 7*m + 8. Let b be u(-4). What is the highest common divisor of 12 and b?
4
Suppose -k + 3 - 1 = 0. Calculate the greatest common factor of 10 and k.
2
Suppose -4*w + 2*y - 67 + 435 = 0, 0 = -2*w - y + 180. Calculate the highest common factor of w and 13.
13
Let d(k) = -12*k - 4. Let b be d(-2). What is the highest common divisor of 5 and b?
5
Suppose 2*j - 8 - 24 = 0. What is the highest common divisor of j and 2?
2
Let c(p) = -p**3 + 3*p**2 + 8*p - 5. Let n be c(5). Let i = -3 - n. Calculate the highest common divisor of i and 4.
4
Let y(v) be the second derivative of 15*v**3 - v**2 + 10*v. Let m be y(1). Calculate the highest common divisor of m and 22.
22
Let y(n) = -5*n**3 - 2*n - 1. Let o = -4 - -3. Let f be y(o). Suppose 4*l - 50 = 10. What is the greatest common factor of f and l?
3
Suppose -7*a + 55 = -57. Suppose -d - 21 = -c, -3*d = -3*c + d + 58. Suppose -i = -150 - c. Calculate the highest common factor of a and i.
16
Suppose -m + 2*k + 14 = 0, -4*k = 5*m - 49 - 49. What is the highest common divisor of m and 18?
18
Let v(a) = a + 2. Let i be v(10). Calculate the greatest common factor of i and 8.
4
Suppose 3*x - 23 - 103 = 0. What is the greatest common divisor of x and 63?
21
Let u(t) = t**2 - 3*t + 1. Let s be u(4). Suppose -3*p = p - 76. Let l = -14 + p. Calculate the greatest common divisor of s and l.
5
Suppose -a = -5*h + 12, 3*h + 2*a + 8 = 5*h. Calculate the highest common factor of h and 5.
1
Suppose 2*o - 36 = -0*o - 4*j, -1 = -2*o + 3*j. Suppose -4*y + 2*n + 12 = -3*y, 0 = -y + n + 8. What is the highest common divisor of o and y?
4
Let v be (2/(-2))/(-1 + 0). Suppose -5 = -4*d + 43. Suppose -5*x + 24 = -r, 0*r + 3*r = 3*x - d. Calculate the greatest common divisor of x and v.
1
Let b be ((-3)/3 - -2)*3. Calculate the highest common factor of b and 3.
3
Let o(k) = 6*k + 3. Let u be o(5). Let y be 312/22 + (-6)/u. Calculate the highest common divisor of 56 and y.
14
Suppose -3 + 1 = r, -5*j - 4*r = -512. What is the highest common divisor of 26 and j?
26
Let d(p) = p**3 + 11*p**2 - 2*p + 2. Let c be d(-11). Let r = -11 + 47. What is the highest common factor of c and r?
12
Let w(q) = 21*q - 4. Let g be w(4). Suppose -5*b = -2*c - 2*c - g, 11 = 3*b + 5*c. Calculate the highest common factor of b and 12.
12
Let a = 12 + -9. Suppose -8*o = b - a*o - 25, -5*b + o = -255. Calculate the highest common divisor of 20 and b.
10
Let k(x) = x. Let n = -1 + -2. Let d be k(n). Let t(v) = v**3 + 4*v**2 + 2*v + 2. Let f be t(d). What is the greatest common divisor of 55 and f?
5
Suppose -2*y = -4*y + 2. Let k(g) = -g**2 - 6*g - 6. Let u be k(-4). What is the highest common factor of y and u?
1
Let o = 469 - 271. Calculate the greatest common factor of 22 and o.
22
Let h be 1*-1*(9 + 3). Let s = h + 37. Calculate the greatest common factor of s and 10.
5
Let c(a) = 183*a**2 - 6*a + 3. Let s(m) = -m**2 + m - 1. Let w(k) = c(k) + 4*s(k). Let l be w(-1). Calculate the greatest common divisor of 20 and l.
20
Suppose -8 = -l - 2. Suppose -x + l = -11. Calculate the highest common factor of 68 and x.
17
Let g(i) = -i**3 + 7*i**2 - 4*i - 4. Let v be (-192)/(-30) - (-4)/(-10). Let p be g(v). What is the highest common factor of 2 and p?
2
Suppose 23 = -3*m + 2*b, m = 2*m - 5*b + 12. Let t = m + 20. Suppose -8 - 18 = -p. Calculate the greatest common factor of t and p.
13
Let o = -164 + 220. What is the greatest common divisor of 56 and o?
56
Suppose 2*c = 12 - 4. Suppose 4 = 4*f - c. What is the highest common factor of f and 5?
1
Suppose y + 225 = 4*m, -6*y = 4*m - 2*y - 200. Calculate the greatest common factor of 11 and m.
11
Let t(h) = h**2 - 2*h. Let q be t(2). Let u = 3 + q. Suppose u*x - 31 = -5*i, x + 13 = i + 2*i. What is the highest common divisor of i and 5?
5
Let y(l) = -5*l**2 - 2*l - 5*l**2 + 11*l**2 + 0*l. Let c be y(5). Calculate the greatest common divisor of 6 and c.
3
Suppose -4*s + s + 12 = 0. Let o(v) = -v**2 + 8*v - 6. Let m be o(s). Let h(d) = 9*d**2 + 1. Let i be h(-1). What is the highest common divisor of i and m?
10
Let v(w) = 48*w**2. Let s be v(1). Suppose 4*o - 6 = -5*f + 139, 3*o = f - s. Suppose 3*q - 33 = -0. Calculate the greatest common divisor of f and q.
11
Let u = 25 + -23. Calculate the greatest common factor of 5 and u.
1
Let c(h) = -14*h. Let t be c(-2). Let r be ((-1)/5)/((-606)/120 + 5). Calculate the greatest common factor of r and t.
4
Suppose -5*v - 74 = -2*h, 4*h + v - 4*v - 134 = 0. Calculate the highest common factor of h and 16.
16
Suppose 3*r = 2*r + 3. Suppose r*x - 55 = -2*x. Calculate the highest common factor of 55 and x.
11
Let j = 8 + -5. Suppose 3 + 6 = j*k. What is the highest common divisor of 1 and k?
1
Let u = -4 + 16. Let h be (-2)/u + (-398)/(-12). What is the greatest common divisor of h and 3?
3
Let r = -21 - -120. Calculate the highest common factor of r and 11.
11
Let s = 30 - 17. Suppose 4*n + 2*z = 165 + 99, -2*n = 3*z - 136. What is the greatest common divisor of n and s?
13
Let o(u) = -u**2 + 17*u - 4. Let a be o(8). What is the greatest common divisor of a and 17?
17
Let a = -46 - -74. What is the highest common divisor of 112 and a?
28
Let m be 4 + (-1*2)/(-2). Suppose 0 = -0*g - 5*g + m. Let p be g + (2 - -71) - 2. Calculate the greatest common divisor of 8 and p.
8
Let l be (2/(-5))/((-2)/(-10)). Let u be (-3)/(-2)*-3*l. Suppose 3*y - 6 = u. What is the highest common factor of 5 and y?
5
Let k(q) = -17*q - 4. Let p be k(-4). Let u be (-4)/8 + (-2)/(-4). Suppose 0 = -u*d + 5*d - 40. What is the highest common divisor of d and p?
8
Suppose -3*a - 26 = -l, -3*a + 7*a = -4*l + 40. What is the highest common factor of 2 and l?
2
Suppose 2*r = 7*r - 5. Let j be ((-12)/(-8))/(r/10). Let u be (-10)/j*(-117)/2. What is the highest common divisor of 13 and u?
13
Let p = 56 - 30. What is the highest common factor of p and 13?
13
Let j be (-3 - -30)*(4 + -1). Suppose 0 = 5*b + 79 - 19. Let w(h) = h + 21. Let q be w(b). Calculate the greatest common divisor of q and j.
9
Let q be (-3)/(2/8*2). Let s = 3 - q. Suppose 2*w + 5*y - 182 = 0, 3*w - 5*w + 166 = y. What is the highest common divisor of w and s?
9
Suppose 0 = 4*g + g, -4*m - 3*g = -4. Let t = 13 + -8. Suppose -52 = -5*l - 4*a, t*l - a - 25 = 4*a. What is the highest common divisor of l and m?
1
Let a(d) = 6*d**2 + d + 1. Let s be a(2). Let b be s + (-2 - -2 - -1). Calculate the greatest common factor of b and 7.
7
Let l be (-6)/5*(-740)/3. Calculate the highest common factor of l and 37.
37
Let n be (-21)/(-12) - 1/(-4). Let j = -60 + 27. Let m be n + -2 - j*1. Calculate the highest common divisor of 11 and m.
11
Let f(m) = -m - 1. Let u be f(-1). Let l(q) = -q**3 - q**2 + q + 6. Let v be l(u). Suppose -50 = -w + v. Calculate